of 17382744.
2, 3, 127, 1901
What are the prime factors of 577294?
2, 288647
List the prime factors of 6548595.
3, 5, 31, 14083
List the prime factors of 11485620.
2, 3, 5, 63809
List the prime factors of 32490104.
2, 4061263
What are the prime factors of 10344119?
10344119
What are the prime factors of 6573186?
2, 3, 17, 21481
What are the prime factors of 215641?
223, 967
List the prime factors of 3665750.
2, 5, 11, 31, 43
What are the prime factors of 794162?
2, 19, 20899
What are the prime factors of 12623?
13, 971
What are the prime factors of 120462?
2, 3, 17, 1181
List the prime factors of 12082811.
13, 787, 1181
What are the prime factors of 38319776?
2, 11, 108863
List the prime factors of 1062653.
17, 3677
What are the prime factors of 13387623?
3, 1931, 2311
List the prime factors of 3001788.
2, 3, 83383
What are the prime factors of 3447178?
2, 7, 113, 2179
What are the prime factors of 4743368?
2, 7, 71, 1193
List the prime factors of 4837609.
7, 19, 36373
What are the prime factors of 1402299?
3, 167, 311
List the prime factors of 3884974.
2, 1942487
What are the prime factors of 694612?
2, 211, 823
What are the prime factors of 5954426?
2, 2977213
What are the prime factors of 5853453?
3, 71, 27481
What are the prime factors of 1877938?
2, 938969
List the prime factors of 143758.
2, 71879
List the prime factors of 116268.
2, 3, 9689
What are the prime factors of 16421360?
2, 5, 205267
List the prime factors of 680970.
2, 3, 5, 22699
What are the prime factors of 172887?
3, 11, 13, 31
What are the prime factors of 296612?
2, 29, 2557
List the prime factors of 2811492.
2, 3, 29, 2693
List the prime factors of 391914.
2, 3, 21773
List the prime factors of 328916.
2, 7, 17, 691
What are the prime factors of 540752?
2, 33797
List the prime factors of 4702082.
2, 7, 11, 19, 1607
List the prime factors of 5142718.
2, 7, 101, 3637
List the prime factors of 231770.
2, 5, 7, 11, 43
What are the prime factors of 356799?
3, 23, 5171
What are the prime factors of 102525?
3, 5, 1367
What are the prime factors of 29077919?
13, 151, 14813
What are the prime factors of 7571883?
3, 11, 59, 3889
List the prime factors of 43206.
2, 3, 19, 379
List the prime factors of 152668.
2, 38167
List the prime factors of 565105.
5, 113021
What are the prime factors of 3217032?
2, 3, 7, 13, 491
What are the prime factors of 9141?
3, 11, 277
What are the prime factors of 17905501?
43, 416407
List the prime factors of 7388.
2, 1847
List the prime factors of 2929070.
2, 5, 83, 3529
What are the prime factors of 644312?
2, 43, 1873
What are the prime factors of 729930?
2, 3, 5, 29, 839
List the prime factors of 620844.
2, 3, 7, 19, 389
What are the prime factors of 4230049?
479, 8831
List the prime factors of 3459417.
3, 13, 107, 829
List the prime factors of 334775.
5, 7, 1913
What are the prime factors of 98942?
2, 61, 811
List the prime factors of 4931033.
443, 11131
List the prime factors of 604131.
3, 11, 18307
List the prime factors of 9369206.
2, 7, 11, 83, 733
List the prime factors of 6492893.
11, 590263
What are the prime factors of 1646286?
2, 3, 31, 53, 167
List the prime factors of 17763878.
2, 11, 17, 47497
List the prime factors of 582952.
2, 72869
List the prime factors of 435699.
3, 11, 163
List the prime factors of 1433947.
1433947
What are the prime factors of 51133?
51133
What are the prime factors of 12089862?
2, 3, 563, 1193
What are the prime factors of 25285738?
2, 29, 197, 2213
What are the prime factors of 67890?
2, 3, 5, 31, 73
List the prime factors of 38873273.
37, 173, 6073
List the prime factors of 191617.
89, 2153
List the prime factors of 6958030.
2, 5, 509, 1367
What are the prime factors of 40223?
19, 29, 73
What are the prime factors of 16510604?
2, 11, 17, 22073
List the prime factors of 214140.
2, 3, 5, 43, 83
List the prime factors of 412737.
3, 13, 19, 557
List the prime factors of 914534.
2, 457267
What are the prime factors of 1953333?
3, 19, 11423
List the prime factors of 886213.
23, 53, 727
List the prime factors of 1280942.
2, 13, 19, 2593
What are the prime factors of 18476892?
2, 3, 7, 17, 19, 227
What are the prime factors of 5458481?
7, 97, 8039
List the prime factors of 23667451.
17, 29, 61, 787
List the prime factors of 186458.
2, 93229
What are the prime factors of 241651?
241651
What are the prime factors of 20574482?
2, 617, 16673
List the prime factors of 6177778.
2, 1051, 2939
List the prime factors of 299263.
101, 2963
What are the prime factors of 2852826?
2, 3, 163, 2917
What are the prime factors of 4662409?
307, 15187
List the prime factors of 17649158.
2, 47, 359, 523
List the prime factors of 62118.
2, 3, 7, 17, 29
List the prime factors of 4466199.
3, 293, 5081
List the prime factors of 1816915.
5, 41, 8863
What are the prime factors of 1498560?
2, 3, 5, 7, 223
List the prime factors of 3372503.
3372503
List the prime factors of 16101718.
2, 53, 151903
List the prime factors of 624509.
624509
What are the prime factors of 647298?
2, 3, 11987
List the prime factors of 2338054.
2, 1169027
List the prime factors of 1748553.
3, 582851
List the prime factors of 10877.
73, 149
What are the prime factors of 1180033?
19, 173, 359
What are the prime factors of 1934880?
2, 3, 5, 29, 139
List the prime factors of 134724.
2, 3, 103, 109
What are the prime factors of 13823368?
2, 13, 23, 5779
What are the prime factors of 2869845?
3, 5, 11, 17393
List the prime factors of 10875625.
5, 17401
What are the prime factors of 4818868?
2, 23, 52379
List the prime factors of 36822.
2, 3, 17, 19
List the prime factors of 739909.
739909
List the prime factors of 3737714.
2, 61, 30637
What are the prime factors of 430955?
5, 7, 1759
List the prime factors of 13513918.
2, 11, 499, 1231
List the prime factors of 532208.
2, 29, 31, 37
What are the prime factors of 138405?
3, 5, 9227
What are the prime factors of 35244172?
2, 47, 187469
What are the prime factors of 1571751?
3, 23, 2531
List the prime factors of 253518.
2, 3, 29, 31, 47
List the prime factors of 140196.
2, 3, 7, 1669
What are the prime factors of 415900?
2, 5, 4159
What are the prime factors of 2033670?
2, 3, 5, 67789
What are the prime factors of 4714490?
2, 5, 11, 42859
What are the prime factors of 4035150?
2, 3, 5, 7, 61
What are the prime factors of 685427?
685427
What are the prime factors of 2866729?
67, 42787
What are the prime factors of 601969?
601969
List the prime factors of 634734.
2, 3, 179, 197
What are the prime factors of 22868165?
5, 4573633
What are the prime factors of 234406?
2, 117203
What are the prime factors of 18477274?
2, 9238637
What are the prime factors of 6379664?
2, 398729
List the prime factors of 1165262.
2, 7, 83233
List the prime factors of 158362.
2, 79181
List the prime factors of 4045557.
3, 281, 4799
What are the prime factors of 8938909?
7, 1276987
What are the prime factors of 365289?
3, 121763
What are the prime factors of 371503?
11, 33773
What are the prime factors of 5936894?
2, 2968447
List the prime factors of 4559598.
2, 3, 84437
What are the prime factors of 940673?
29, 163, 199
What are the prime factors of 151515?
3, 5, 7, 13, 37
What are the prime factors of 94842?
2, 3, 11, 479
What are the prime factors of 404323?
404323
List the prime factors of 747502.
2, 7, 107, 499
List the prime factors of 26049.
3, 19, 457
What are the prime factors of 33247757?
683, 48679
What are the prime factors of 366833?
19, 43, 449
What are the prime factors of 9475471?
19, 23, 21683
List the prime factors of 152704.
2, 1193
List the prime factors of 112676.
2, 17, 1657
List the prime factors of 974060.
2, 5, 113, 431
What are the prime factors of 356560?
2, 5, 4457
List the prime factors of 867900.
2, 3, 5, 11, 263
What are the prime factors of 552266?
2, 11, 13, 1931
List the prime factors of 340509.
3, 13, 8731
What are the prime factors of 267270?
2, 3, 5, 59, 151
List the prime factors of 1009276.
2, 252319
List the prime factors of 944084.
2, 236021
List the prime factors of 4472845.
5, 13, 68813
List the prime factors of 824882.
2, 193, 2137
List the prime factors of 346623.
3, 43, 2687
What are the prime factors of 187924?
2, 11, 4271
List the prime factors of 18562.
2, 9281
What are the prime factors of 10690268?
